mposite?
False
Is (1749/2 + 2)*(503 + -57) composite?
True
Let n = 733163 + 451578. Is n prime?
True
Let t(n) = 418*n**2 - 47*n - 558. Is t(-11) a composite number?
True
Suppose 0 = -2*m - 4*u + 10594 + 93416, 5*u + 259950 = 5*m. Is m prime?
False
Is 0 + 2 + (1148573470/1650 - 4/30) prime?
True
Suppose -5*l - 5*i - 588 + 1563 = 0, -585 = -3*l + 2*i. Let u = l - 98. Is u composite?
False
Let m = 40391 - 14844. Suppose m = 24*v - 13645. Is v composite?
True
Suppose 2*r + 5*n - 710 = 36, 5*r = 2*n + 1807. Let f = 2530 - r. Is f a prime number?
False
Let p be (-6)/51 + 159/51. Suppose -5 = 5*s, -2*c + 461 = -p*s - 72. Is c a composite number?
True
Let u(y) = -7*y**3 + 3*y**2 + y + 1. Let x(z) = -6*z**3 + 3*z**2 + 2. Let k(j) = -2*u(j) + 3*x(j). Let v = 106 + -109. Is k(v) a composite number?
True
Let z(v) = v**3 + v**2 - 5*v + 3433. Suppose -y + 2*a - 2 - 4 = 0, 3*a = -y + 9. Is z(y) a composite number?
False
Let u be 134/((8/1)/(-8)). Is (u/(-3))/(-2 - 2728/(-1353)) prime?
False
Let f(l) = 355*l**2 - 49*l - 65. Let v be f(17). Suppose -i - v = -4*p, 7*p - 5*i + 76244 = 10*p. Is p composite?
False
Let q(m) = -525912*m**3 - m**2 - 25*m - 41. Is q(-2) composite?
True
Is (6*8/(-48))/((-68214)/(-68217) - 1) a prime number?
True
Suppose -7907 - 4183 = -15*q. Let y = 1335 - q. Is y composite?
True
Is (-8)/(-68) - (-72205263)/663 prime?
True
Is (85297 - -13) + 11 + 10 a prime number?
True
Is (106/159)/(1/255309) a prime number?
False
Suppose -v - 2*v = 2*v. Suppose 26 + 38 = 4*t - 3*s, v = -2*s - 8. Suppose -6*b = -t*b + 763. Is b a composite number?
False
Let h(g) = 3*g - 8. Suppose 10 = 5*d + 30. Let q be (-21)/(-28) + (-25)/d. Is h(q) a composite number?
False
Let z(b) = 553*b**2 + 2*b - 1. Let r be z(-3). Suppose -16*l + 16 = -32. Suppose -r = -l*u - v, -4*v + 8284 = 5*u - 3*v. Is u a prime number?
True
Let w(r) = 629*r**2 + 15*r - 62. Let l be w(5). Suppose -2*f = -2*o - 2*o + 31428, l = 2*o + 5*f. Is o composite?
True
Suppose -10*h = 23*h + 12*h - 4067955. Is h prime?
False
Let l = -18131 - -10505. Is 7 - (l + 6) - -4 composite?
True
Let m = -876291 - -1707827. Is (-42)/(-35) - (m/(-20) - 1) a prime number?
True
Let n = -23 + 32. Suppose 3*y - 96 = -n. Suppose -x = -y + 3. Is x composite?
True
Suppose -2*l = -2*v + 2706, -5 = -3*l + 7. Is v a composite number?
True
Let n = 534 + -530. Suppose 3*l - 2575 - 1455 = 2*k, 0 = l - n*k - 1330. Is l composite?
True
Let r = -43 + 47. Suppose r*o = -5*o + 15057. Is o prime?
False
Let h(q) = 3*q**3 - q**2 + 2*q + 10501. Let z be h(0). Let r = z - 3192. Is r a composite number?
False
Let f be -1 - ((-3)/1 - -1 - -16). Let i(q) = -q**3 - 17*q**2 - 32*q + 11. Let p be i(f). Suppose p*v - 45*v + 1388 = 0. Is v a prime number?
True
Let s = -563 - 247. Let o = -3675 + -1556. Let v = s - o. Is v prime?
True
Suppose 4*k = -11 - 1. Is (-566)/k*(-570)/(-76) composite?
True
Suppose 21 = 6*s + 27. Let u be 1001 + s/(4/(-4)). Let n = 1701 - u. Is n composite?
True
Let y = -370 - -370. Suppose y = -p + 5730 - 2159. Is p a prime number?
True
Let c be 1/(-1*(-2)/(-464)) - -4. Is 8639/4 - (-171)/c composite?
True
Let l(p) = -1705*p - 4426. Is l(-37) a prime number?
False
Let m(o) = 26*o**2 - 14*o**3 - 1068*o**3 - 16*o**2 - 2*o - 14*o**2 + 1. Is m(-1) composite?
True
Is 2391173/7 + (-3552)/(-4144) prime?
True
Let j(h) = 8*h**2 - h + 3. Let o = -30 + 101. Let l = o - 67. Is j(l) a prime number?
True
Suppose -5*w = -2*m - 3727, -7*m = -2*m - 3*w + 9308. Let b = m - -4088. Is b a prime number?
False
Let u be (52929 + 4)/(5/5). Suppose 0 = -0*o - 3*o - s + 31770, -5*o + u = -4*s. Is o composite?
False
Let u = 388 - 340. Suppose 150761 = u*t - 35*t. Is t a composite number?
False
Suppose -4*d = -0*d + 4*m + 1344, 1348 = -4*d - 3*m. Let v = 5041 - d. Is v a composite number?
False
Suppose 4*l + 42 = 30, -6*p + 256422 = 4*l. Is p composite?
True
Let j = 12 + -7. Suppose 1218 = 2*k - k + 3*g, -4*k - j*g = -4872. Suppose k = 3*l - 2*q + 5*q, -l + 376 = -5*q. Is l composite?
False
Is (3 + -6 - -335*24364) + 147 + -147 a composite number?
True
Suppose 3*h - l + 11557 = 0, 18*h - 13*h + 5*l + 19235 = 0. Let b = h - -5950. Is b composite?
False
Suppose -3*f + 2*b = -11351, 4*f + 5*b - 24529 = -9356. Is f composite?
True
Suppose -1560582 = -38*i + 194980. Is i a prime number?
True
Let j be (1146/(-15) + -8)/((-2)/70). Let a = j - 1395. Is a a prime number?
True
Let t(d) = d + 15. Let h be t(-12). Suppose 0 = h*i - 23861 + 8762. Is i a prime number?
False
Suppose -169902 = -2*x - 16*x. Is x prime?
True
Suppose -3*l - 3 = -s + 1, -s - l = -4. Suppose -13085 = 5*p - d, 0 = -s*p - 5*d - 0*d - 10497. Let r = 8599 + p. Is r prime?
True
Let l(y) = y**3 + 7*y**2 - 18*y - 7. Let r be l(-8). Suppose -r*j - 81961 = -84*j. Is j prime?
True
Is (-18)/(-1008)*24 + 332959/7 - -1 a prime number?
False
Let n(o) = 42*o**3 - 13*o**2 - 46*o + 164. Is n(11) composite?
False
Let k(i) = 32363*i - 3116. Is k(5) a prime number?
True
Let r = 45 - 45. Suppose -3*h = -2*m - 931, r*m - 1240 = -4*h + 2*m. Is 4*(h/2)/3 a prime number?
False
Suppose -7*o + 734314 + 499513 = 0. Is o a prime number?
True
Suppose 81*q - 80*q - 261574 = -m, -5*m - 4*q = -1307867. Is m prime?
False
Suppose -11*c + 9*c + 8 = 0. Suppose 4*y + 5649 = 5*o, -c*o = -3*y - 1128 - 3392. Is o a prime number?
False
Suppose -20*q + 22*q = 6. Suppose 0 = 3*k + 4*o - 1264, -431 = q*k + 5*o - 1699. Let l = 1473 - k. Is l composite?
True
Let r = -41 + 45. Suppose -12785 + 2793 = r*c. Let n = 3751 + c. Is n prime?
False
Suppose 0 = 31*n - 406990 - 513028. Suppose -3*f + 25*f - n = 0. Is f prime?
False
Let h be 2*1/(-2) + 1. Suppose 0*x - 2*b = x - 2, 5*x + b - 10 = h. Is ((-2)/(-4)*10)/(x/118) a prime number?
False
Let a = 498 - 493. Suppose -a*p = u - 4112, 4*u + 9741 = -4*p + 26205. Is u a composite number?
True
Let o be (-2390)/((-354)/1092 - 2/(-7)). Suppose 0 = 10*t + 22950 + o. Let m = t - -12944. Is m composite?
True
Let i be 45189/12 + (4/(-4))/(-4). Suppose -i = -35*w + 33*w. Is w a composite number?
True
Let u = 41 + -37. Suppose -n - 8 = -5*n - 4*r, 0 = u*r - 8. Suppose -5*b + 3*a + 2107 = 0, a + n*a - 834 = -2*b. Is b composite?
False
Suppose 2*l + 12 = 16. Let s(y) = 2 - l + 129*y - 24*y + 5. Is s(2) composite?
True
Suppose k + z - 4169 = 0, 16706 = -59*k + 63*k - 2*z. Is k composite?
True
Suppose -105305 + 16136841 = 65*y - 6929779. Is y composite?
True
Suppose -4*v = -22 + 14. Let g(u) = 57*u**3 - 5*u**2 + 6*u - 1. Is g(v) a composite number?
True
Suppose m + 4183 = -4*c + 18399, -4*c - 14216 = -m. Suppose 11*y - 9797 - m = 0. Is y a composite number?
True
Suppose 5*c = -o + 1184736, -41*c - 473895 = -43*c - o. Is c prime?
True
Let x(z) = 40*z - 13. Suppose -w + 45 = 49. Let s(d) = -d + 1. Let p be s(w). Is x(p) a composite number?
True
Let m be 192/42 + 33/(-21) + 1. Suppose 2*y = -4*i + 3*i + 1613, m*y - 1605 = -i. Is i a prime number?
True
Suppose -3*p - 11 = 5*s, 5*s - 4*p + 35 = p. Let y(q) = -34*q**3 - 6*q**2 - q - 3. Let j be y(s). Let o = j + -822. Is o prime?
True
Is (-13 - -19) + (-1474)/(1/(-1234)*4) prime?
False
Suppose 0*z = 9*z - 2949489. Is z composite?
False
Let o be ((8/6)/4)/(2/2316). Let t be (-21)/28 + o/(-8) + 1. Is (1 - 5)*2/(t/4254) composite?
False
Let z = -50174 + 79413. Is z a composite number?
True
Let u = 684378 - 345329. Is u composite?
False
Let i be (10/10)/(2/6). Suppose -i*g - 12234 = -v, -13*v + 9*v - 2*g + 48950 = 0. Is v a composite number?
True
Suppose 5*q - 22 = -317. Let s = -57 - q. Suppose s*o - 37 = o. Is o a prime number?
True
Let n = -41458 - -94409. Is n prime?
True
Suppose 5*u + a = -820, -3*u - a - 492 = 2*a. Let r = -97 - u. Is r a prime number?
True
Let s(p) = 55*p - 26. Let d be s(9). Let b(x) = -8 - d*x + 3 - 184*x - 277*x. Is b(-5) prime?
False
Suppose 0 = 5*b - 4*s - 30, 4*s = -b + 6 + 24. Suppose 0 = 3*g - b - 5. Suppose 5*j - 566 = -a, g*a - 2700 = 2*j - j. Is a a prime number?
True
Let d be ((-700)/10)/(2/6 - 1). Let g = 1306 - d. Is g a composite number?
False
Suppose 5095444 - 19876492 = -24*q. Is q composite?
True
Let x(v) = -5*v**2 + 552*v - 293. Is x(82) a prime number?
True
Suppose -z - 3*n = -4021, 5523 + 6526 = 3*z + 2*n. Let t be 1*(1 - 0 - -1). Is z/15 + t/(-3) a composite number?
True
Suppose 2*v - 4473 = 1365. Let q = v + 7